s 177591011 prime?
False
Is 11385777007 a composite number?
True
Is 2234145521 a composite number?
False
Is 179671529 prime?
True
Is 518698777 a composite number?
False
Is 7594943 a composite number?
False
Is 1182449479 prime?
True
Is 23391127 composite?
False
Is 85985496871 composite?
False
Is 81921066697 composite?
False
Is 210351743123 a composite number?
False
Is 572956861 prime?
True
Is 435624379 prime?
False
Is 26964033737 a prime number?
True
Is 816889217 a prime number?
True
Is 3616752407 a prime number?
False
Is 31405379 a prime number?
False
Is 1082580947 prime?
False
Is 199070303 a prime number?
True
Is 1372805801 composite?
False
Is 4771983077 prime?
False
Is 64064772911 composite?
False
Is 11556494009 prime?
True
Is 6544490977 a prime number?
True
Is 781915439 a prime number?
True
Is 3696374153 composite?
False
Is 189739481 a composite number?
False
Is 552832109 a composite number?
True
Is 5275161751 composite?
False
Is 2104599941 prime?
True
Is 13826048611 composite?
True
Is 4475907991 composite?
True
Is 1628614409 prime?
True
Is 18546997291 prime?
False
Is 1610276279 prime?
True
Is 63076256669 composite?
True
Is 364456457 a prime number?
False
Is 18212296217 a prime number?
True
Is 24354296069 prime?
True
Is 3620671941 a composite number?
True
Is 57029562719 a composite number?
True
Is 15263016801 a prime number?
False
Is 3193438621 composite?
True
Is 17972954231 composite?
True
Is 2204082233 a prime number?
False
Is 147660649 a prime number?
False
Is 4085145733 a prime number?
False
Is 2566828697 composite?
False
Is 115210213 composite?
True
Is 118043437 composite?
False
Is 1618614751 a composite number?
True
Is 9408188639 a composite number?
False
Is 75812251597 prime?
True
Is 17110151473 a composite number?
False
Is 11779612423 a composite number?
False
Is 3210183517 prime?
False
Is 55091977327 a composite number?
False
Is 47391802949 prime?
True
Is 5188153277 composite?
False
Is 7789016377 composite?
False
Is 173032923633 prime?
False
Is 936347681 prime?
True
Is 2665367473 a prime number?
True
Is 1514307349 a composite number?
False
Is 7832310751 composite?
False
Is 2237971337 prime?
False
Is 10681043 composite?
False
Is 123473741 a composite number?
False
Is 905767237 a composite number?
True
Is 2462593709 a composite number?
False
Is 16052241137 prime?
False
Is 9096861071 a prime number?
True
Is 39107357087 prime?
True
Is 263585193 composite?
True
Is 18787228931 composite?
True
Is 18626182973 prime?
True
Is 750169621 composite?
False
Is 71130022331 a prime number?
False
Is 45339556099 prime?
False
Is 199217705 a composite number?
True
Is 2365076855 composite?
True
Is 1440770593 composite?
False
Is 4372316189 composite?
False
Is 24354384709 a composite number?
False
Is 147680581 a composite number?
True
Is 21274413011 a composite number?
False
Is 29158097 composite?
False
Is 15073128379 a prime number?
True
Is 27708966887 a composite number?
True
Is 5360018269 composite?
False
Is 6822689569 composite?
True
Is 2529004939 composite?
False
Is 44221319 a composite number?
False
Is 8107054327 composite?
False
Is 228034199 a prime number?
True
Is 1073342843 a prime number?
True
Is 13003340377 a prime number?
True
Is 122568446167 prime?
False
Is 1820595661 prime?
True
Is 3154439579 prime?
True
Is 518526073 a composite number?
True
Is 1457415409 prime?
False
Is 18281001593 a composite number?
True
Is 11330561789 prime?
True
Is 27185929361 a composite number?
True
Is 6179378746 a composite number?
True
Is 2426160493 a prime number?
True
Is 21014326007 prime?
True
Is 13439366243 a composite number?
True
Is 11669017933 prime?
True
Is 182528723 prime?
False
Is 723042217 composite?
False
Is 2195497277 prime?
True
Is 93240151 prime?
False
Is 49330640587 a composite number?
False
Is 5687179189 a composite number?
False
Is 10325854331 a prime number?
False
Is 178399981 composite?
True
Is 6015710293 prime?
True
Is 806038001 composite?
False
Is 7237754549 a prime number?
True
Is 4450250627 a composite number?
False
Is 558361257 prime?
False
Is 96739845379 a composite number?
True
Is 10721395821 prime?
False
Is 22451714053 a composite number?
False
Is 46315189483 prime?
False
Is 279528199 prime?
True
Is 4938119471 prime?
False
Is 18915569041 a prime number?
False
Is 166401037 composite?
True
Is 3218725661 composite?
False
Is 1621480771 a prime number?
False
Is 353874949 a composite number?
False
Is 3243814877 composite?
False
Is 5514406321 prime?
True
Is 66104472419 a prime number?
False
Is 10168026581 composite?
False
Is 63333343 prime?
False
Is 2864043607 a prime number?
True
Is 1415587651 a prime number?
False
Is 36092621927 composite?
False
Is 17217472379 a prime number?
False
Is 3064077827 prime?
True
Is 10707936653 a prime number?
True
Is 4583663099 prime?
True
Is 12318756157 prime?
False
Is 4424086241 composite?
False
Is 13941060043 composite?
True
Is 6737540111 a composite number?
True
Is 4679181467 a prime number?
True
Is 121707347 composite?
False
Is 4689812867 a composite number?
False
Is 12242827493 a prime number?
False
Is 1731150233 composite?
True
Is 166853819 a composite number?
True
Is 2842273069 a prime number?
True
Is 16338125977 a composite number?
True
Is 59085566861 prime?
True
Is 776733781 prime?
True
Is 1786334873 a prime number?
True
Is 677087414 a composite number?
True
Is 47159904577 composite?
True
Is 839044817 a prime number?
False
Is 328432781 composite?
True
Is 119003080463 prime?
True
Is 1906117091 a composite number?
True
Is 13480429705 composite?
True
Is 27458201621 composite?
True
Is 6333633851 a composite number?
True
Is 12903376217 a composite number?
False
Is 8342089417 a composite number?
False
Is 36873989651 a composite number?
False
Is 56747407 a prime number?
True
Is 7750521869 a prime number?
True
Is 50927630549 composite?
False
Is 6486086623 a composite number?
False
Is 19606127 a prime number?
True
Is 2576895749 a composite number?
False
Is 900000073 a prime number?
False
Is 6449484673 a prime number?
True
Is 729989839 prime?
True
Is 5660203253 prime?
True
Is 10030573361 prime?
False
Is 94273657 composite?
True
Is 18637639451 a composite number?
False
Is 145084183 a composite number?
True
Is 9300941827 a composite number?
False
Is 3833140651 a prime number?
True
Is 3716131 composite?
False
Is 1304627699 composite?
False
Is 4962916183 prime?
True
Is 4345028227 prime?
False
Is 48343919 prime?
False
Is 52681180033 a composite number?
False
Is 8514097413 prime?
False
Is 2198560123 prime?
True
Is 8444757637 a prime number?
False
Is 890850997 a composite number?
False
Is 2107664309 composite?
False
Is 954253585 composite?
True
Is 159116473 composite?
True
Is 12883434331 a prime number?
True
Is 530586569 a composite number?
True
Is 8073228403 a prime number?
False
Is 38885352901 composite?
False
Is 27421184561 a prime number?
False
Is 4172362267 composite?
False
Is 31948529 prime?
True
Is 334725247 prime?
True
Is 3132973049 prime?
False
Is 4035093853 a prime number?
False
Is 14467102849 a prime number?
False
Is 70993257557 prime?
False
Is 2810791963 a prime number?
False
Is 1834498879 a composite number?
True
Is 38926591 composite?
True
Is 27060163433 a prime number?
False
Is 10039657907 a prime number?
False
Is 4312325327 a composite number?
True
Is 46303414877 a composite number?
False
Is 429522073 composite?
True
Is 7096398013 a composite number?
False
Is 22554421063 prime?
True
Is 6828700601 composite?
False
Is 8997092837 a composite number?
True
Is 7246034842 a composite number?
True
Is 3696808199 a prime number?
False
Is 654797453 a composite number?
False
Is 178121947 composite?
False
Is 3116159938 composite?
True
Is 4112761501 prime?
True
Is 2317616789 composite?
True
Is 188307397 prime?
True
Is 857628523 prime?
True
Is 47894341643 prime?
False
Is 1949101001 prime?
False
Is 19247433227 a composite number?
True
Is 9047776511 a prime number?
False
Is 8953922161 prime?
False
Is 2149318799 composite?
False
Is 30324843919 composite?
False
Is 17602184711 composite?
True
Is 27802623331 prime?
False
Is 4539485441 a prime number?
True
Is 216847957 composite?
False
Is 40355610889 a prime number?
False
Is 61324643857 composite?
False
Is 21063724979 a prime number?
False
Is 136161553321 a composite numbe